st the prime factors of c(8).
2, 13, 101
Let v = -5053 + 1033. Let s be v/(-50) + 4/(-10). Let x = s - 26. What are the prime factors of x?
2, 3
Suppose -2*a - 138 = -128. What are the prime factors of -61*a/15*3?
61
Suppose -p = -d - 2*p + 467, 2*d - 5*p = 941. What are the prime factors of d?
2, 3, 13
Suppose 0 = -y - 1, 2*a - y = -0*a - 15. List the prime factors of 310/15 + a/12.
2, 5
Let x = -4 - -1. Let c = -16 - -51. Let i = x + c. What are the prime factors of i?
2
Let o = 335 + -332. List the prime factors of o.
3
Let i be (45/12)/((-3)/(-24)). Let n = i - 25. Suppose 5 = n*o, -4*v - 2*o + 151 = o. List the prime factors of v.
37
Let g be 1077/(-21) - (-8)/28. Let p = g - -105. What are the prime factors of p?
2, 3
Suppose 5*s = 3*s + 4. Suppose -5*t - 5*z + 25 = 0, 2*t + s*z - 13 = -3*z. What are the prime factors of t?
2
Suppose 0 = d - 28 - 48. Suppose -152 = -0*b + 4*b. Let s = d + b. List the prime factors of s.
2, 19
Suppose 6*n - 39 = -2*s + 3*n, -2*s + 5*n = -15. Let w = s + 26. What are the prime factors of w?
41
Let a(m) = -m - 15. Let p(c) = -3*c - 30. Let v(s) = 13*a(s) - 6*p(s). Let u be v(-15). Let l = 137 + u. What are the prime factors of l?
47
Suppose -z + 9 = 10. Let t be z/(-4 - 446/(-112)). Let d = -12 + t. List the prime factors of d.
2, 11
Suppose 0 = i, 5*r - 3*i - i = 150. Let k = 48 - r. Suppose -5*g + 153 - k = 0. What are the prime factors of g?
3
Let j be (6/(-5))/(3*(-3)/30). Suppose 0 = -5*r + 3*l + 252, j*l = 2*r - 0*l - 112. List the prime factors of r.
2, 3
Suppose 4*g + 3 + 3 = 2*p, 3*g = -4*p + 12. Let a = g + 6. List the prime factors of a.
2, 3
Let r be 2/(-8) - 11/(-44). Suppose 3*j = -r*j + 3, -3*a - j + 10 = 0. Suppose 2*l = -l + a*b + 87, -2*b - 139 = -5*l. List the prime factors of l.
3
Let b(h) = h**2 + h + 2. Let g be b(-2). Let z be 2*g - 3/(-3). What are the prime factors of 4*(z/(-6) - -2)?
2
Let c(n) = 194*n + 19. What are the prime factors of c(2)?
11, 37
Let w = 383 - 108. Suppose w = 2*z + 63. Let c = z - 31. List the prime factors of c.
3, 5
Let z(d) = d**2 + 14*d - 23. Let b be z(-18). Suppose -45*v + b*v - 408 = 0. List the prime factors of v.
2, 3, 17
Suppose 0 = -2*s - s - 6, -5*u + 24 = -2*s. Let o(z) = z**3 + z**2 - 2*z - 1. List the prime factors of o(u).
71
Suppose -2*h - 6 = 0, 4*h = 77*v - 80*v + 3993. List the prime factors of v.
3, 5, 89
Let n = -6 + 3. Let a(k) = -2*k - 4. Let g be a(n). Suppose g*i - 4*t = 30, 0*i + 115 = 4*i + 3*t. What are the prime factors of i?
5
Let y be (-1)/(-5) + 95/25. Suppose 25 = 5*i - 5*x, -x + 3 = 5*i - 4. Let r = y + i. List the prime factors of r.
2, 3
Let p(y) = 7*y**3 - 4*y + 3. Let f be p(2). Let z = f - -115. What are the prime factors of z?
2, 83
Suppose -5*k - 109 - 1 = 0. Let h = -8 - k. List the prime factors of h.
2, 7
Let d = 4 + 2. Suppose 3*v + 368 = d*v - 4*i, 110 = v + 5*i. Suppose 4*x - 5*k - 129 = 0, 0 = -3*x - x - 4*k + v. What are the prime factors of x?
31
Suppose 111 = 4*l - 49. List the prime factors of l.
2, 5
Suppose 4*l - 598 = -4*a + 22, 0 = -2*l - 10. What are the prime factors of a?
2, 5
Let a = -5 + 3. What are the prime factors of (a - -4 - 35)*-2?
2, 3, 11
Let q be 1*3 + (-1 - -7 - -29). Suppose -z - x = 2*x + 26, -3*z + 4*x - 39 = 0. Let s = z + q. List the prime factors of s.
3, 7
Suppose -121 = -2*c - 5*w, 2*c - 160 + 36 = -4*w. Suppose b + c = 150. What are the prime factors of b?
2, 41
Let w(x) = -22*x + 12. Let o be w(11). Let c be (o/25)/((-2)/10). Let z = c + -30. List the prime factors of z.
2
Suppose -3*l + 7871 = 2*i, -13097 = -0*l - 5*l + 2*i. What are the prime factors of l?
2621
Suppose 5*r - 12186 = 2*d, 12174 = -8*r + 13*r + 2*d. What are the prime factors of r?
2, 3, 7, 29
Suppose -2*b + 54 = b. Suppose -5*p - 318 = -5*i - 2*p, 0 = 4*i - 2*p - 254. List the prime factors of 32/b - (-14)/i.
2
Let u = 27 - 49. Let c = 40 + u. Let l = c + 39. List the prime factors of l.
3, 19
Let f(a) = a**3 + 5*a**2 - 7*a + 1. Let m be f(-6). Let d be m/28 + 1/(-4). Let h = 31 + d. List the prime factors of h.
31
Let p(k) = -100*k**3 - 2*k**2 + 1. What are the prime factors of p(-2)?
13, 61
Let h(u) = -3*u + 15. Let j = 53 + -50. List the prime factors of h(j).
2, 3
Let o = -375 + 696. What are the prime factors of o?
3, 107
Suppose -4*j - 2*i + 2007 = 39, 5*j = -4*i + 2466. What are the prime factors of j?
2, 5, 7
Suppose 0 = 16*o + 28*o - 13508. List the prime factors of o.
307
Suppose -39645 = -49*g + 171006. List the prime factors of g.
3, 1433
Let i(v) be the first derivative of -2*v**2 - 2*v - 5. Let b be i(-1). Suppose -2*p + 40 = b*p. What are the prime factors of p?
2, 5
Let x be 4/(-10) - (-2 + 40/25). Suppose 5*m - m - 668 = x. What are the prime factors of m?
167
Suppose -9*d - 4221 = -16*d. List the prime factors of d.
3, 67
Let o(b) = -b**3 - 10*b**2 + 15*b + 4. Let s be o(-12). Suppose -4*f - 5*y + 3*y + 108 = 0, s = 4*f + 3*y. Let g = 37 - f. List the prime factors of g.
2, 3
Let w(s) = -s**3 + 10*s**2 - 9*s. Let d be w(9). Suppose 0 = 4*k - d*k + 88. Let l = -12 - k. What are the prime factors of l?
2, 5
Let f = -45 + 49. List the prime factors of (-4)/3*((-714)/f - 0).
2, 7, 17
Let w = -84 + 92. Suppose -26 - 142 = -w*g. What are the prime factors of g?
3, 7
Suppose 124*w - 129*w = -3410. List the prime factors of w.
2, 11, 31
Let c = 9 - 9. Suppose -5*z + 3*z - 10 = c, 0 = 4*q + 2*z - 282. List the prime factors of q.
73
Let l(f) = 72*f - 486. What are the prime factors of l(29)?
2, 3, 89
Suppose 0 = 4*i - 0*i - 108. Suppose -22*p + i*p - 35 = 0. Suppose 5*g - q - 49 = 0, -4*g + p = -3*g - 3*q. List the prime factors of g.
2, 5
Let i be (-2 + 0)*(-3)/(-2). Let h be (-2)/(i + 2) - 10. Let f = h - -27. What are the prime factors of f?
19
Let c be (1 + (-14)/6)*363/22. Let d = 45 + c. List the prime factors of d.
23
Suppose -1 = -g - 0, -5*s - g + 406 = 0. Let z = s + 40. What are the prime factors of z?
11
Let i(l) = 332*l**2 + 14*l - 13. What are the prime factors of i(3)?
7, 431
Let f = -1 + 4. Let i = -43 + 61. Let y = i + f. List the prime factors of y.
3, 7
Suppose l = 3*l + 72. Let r = 24 + 39. Let z = l + r. List the prime factors of z.
3
What are the prime factors of 1*950 + (-5 - -4)*5?
3, 5, 7
Suppose -n + s - 3*s = -12, 0 = 3*n - 3*s. Suppose 0 = 3*i + n*t - 382, -122 + 797 = 5*i - t. Suppose 49 = -5*p + i. What are the prime factors of p?
17
Let z = 72 + 46. Suppose z = 3*j - 32. List the prime factors of j.
2, 5
Suppose 0 = 3*i + t - 295, -5*i - t + 198 = -3*i. Suppose -2*n - 3*d + 72 = 0, -3*n = -d - 0*d - i. List the prime factors of n.
3, 11
Let a be (3 - 2)*4 - 16. What are the prime factors of (a/(-13))/6 + 1870/13?
2, 3
Let h = -52 + 48. What are the prime factors of h/(4 + 0) + 3 - -34?
2, 3
Let a = -1519 + 2786. What are the prime factors of a?
7, 181
Let u be ((-3)/3 + -1)*(-2 + 3). List the prime factors of u + 3*55/3.
53
What are the prime factors of 12/1*((-66)/(-4) - 7)?
2, 3, 19
Let p be 6/(-5)*(-60)/8. Let m = -17 + p. Let g = 4 - m. What are the prime factors of g?
2, 3
List the prime factors of (-9)/((-14)/(3332/3)).
2, 3, 7, 17
What are the prime factors of (0 - -17)*(37 + 0)?
17, 37
Suppose 0*i = 4*i - 20. Let g(f) = f**3 - 3*f**2 - 7*f + 3. Let y be g(i). Let n = y + -1. What are the prime factors of n?
17
List the prime factors of (98/7 - 12) + 2949.
13, 227
Suppose 6513 = 9*f + 30*f. List the prime factors of f.
167
Let y = 130 - 127. Suppose y*g - 2*g - 40 = 0. List the prime factors of g.
2, 5
Suppose -97*g - 5440 = -105*g. What are the prime factors of g?
2, 5, 17
Let t(m) = -13*m**3 + 7*m + 12*m**3 + 7*m + 6 - 4*m. What are the prime factors of t(-5)?
3
Suppose 0 = -2*v - 5*b + 4 - 3, 3*v - 3*b = 12. List the prime factors of 39 + (v - 5) - (2 + 1).
2, 17
Let r be -2*1 - (2 + -6). Suppose 5*m - 2*f + 90 = -4*f, -r*m + 5*f - 65 = 0. What are the prime factors of (6 + -2)/(-16)*m?
5
Let f(d) = d**2 - d - 4. Let k be f(3). What are the prime factors of 1/(k + (-1636)/820)?
5, 41
Suppose -5*t + 6*w + 16 = 2*w, -w = 4. Suppose 0 = -t*m - 3*m + 21. Let v(g) = -g**2 + 13*g + 15. What are the prime factors of v(m)?
3, 19
Suppose 35*z - 38*z + 852 = 0. What are the prime factors of z?
2, 71
Suppose 0 = -5*c - 5*u - 930 + 2995, 2*c - 4*u = 802. What are the pr